*2 + 163*j. Calculate m(9).
333
Let j(a) = -63352*a + 570178. Give j(9).
10
Let u(j) = -j**3 - 26*j**2 + 311*j - 333. Determine u(-35).
-193
Let l(m) = -2*m**3 + 155*m**2 - 226*m - 186. Give l(76).
-34
Let i(x) = 4*x**3 - 46*x**2 - 25*x + 203. Determine i(15).
2978
Let r(m) = 17098*m - 205359. What is r(12)?
-183
Let p(d) = -d**3 - 189*d**2 - 1126*d - 173. Determine p(-6).
-5
Let a(o) = 2*o**3 + 14*o**2 - 564*o - 70. Give a(13).
-642
Let g(d) = -d**3 + 89*d**2 - 46. What is g(89)?
-46
Let s(x) = -59*x**2 - 24244*x + 1839. Give s(-411).
-216
Let t(x) = -3*x**3 - 51*x**2 - 84*x - 1428. Give t(-17).
0
Let s(z) = z**3 - 101*z**2 - 195*z + 19822. Give s(101).
127
Let y(h) = 480*h - 6448. Determine y(5).
-4048
Let q(i) = -i**2 - 1468*i - 65568. Determine q(-46).
-156
Let o(m) = 3793*m - 22793. Determine o(6).
-35
Let n(y) = -y**3 + 65*y**2 - 1068*y + 147. Give n(34).
-329
Let z(h) = 367*h + 5148. What is z(-14)?
10
Let z(x) = 2*x**3 + 29*x**2 - 80*x - 614. Calculate z(-16).
-102
Let m(g) = 148*g**2 + 1110*g - 600. Calculate m(-8).
-8
Let l(d) = 161*d - 6068. What is l(37)?
-111
Let b(p) = 2*p**2 - 236*p - 3258. What is b(-14)?
438
Let y(u) = -434*u - 5338. Calculate y(-13).
304
Let u(b) = -4350*b - 34809. What is u(-8)?
-9
Let r(w) = 11894*w + 487620. Determine r(-41).
-34
Let u(x) = -492*x + 24365. Give u(50).
-235
Let a(l) = -15154*l + 15760168. What is a(1040)?
8
Let r(a) = 3063*a - 101008. Give r(33).
71
Let b(l) = -l**3 - 19*l**2 + 962*l - 36. Calculate b(23).
-128
Let o(t) = -11*t**3 - 199*t**2 + 953*t + 137. Determine o(-22).
-17
Let c(i) = 7*i**3 + 963*i**2 - 2380*i - 52. Give c(-140).
-52
Let s(x) = 45931*x + 322779. Give s(-7).
1262
Let s(h) = -34*h**2 + 49*h - 233. Give s(-8).
-2801
Let z(c) = -7*c**2 + 140*c - 1746. What is z(13)?
-1109
Let l(p) = p**3 - 291*p**2 + 2810*p - 10. Determine l(10).
-10
Let q(z) = z**2 - 13090*z + 5088303. What is q(401)?
14
Let y(m) = 588*m + 44101. Give y(-75).
1
Let l(c) = 2691*c + 125807. Give l(-47).
-670
Let d(c) = c**3 + 5*c**2 + 1959*c + 13798. Determine d(-7).
-13
Let s(v) = v**2 + 117*v + 3439. Give s(-58).
17
Let q(o) = -o**3 - 290*o**2 + 2409*o - 227. Give q(8).
-27
Let h(q) = 4*q**3 - 25*q**2 - 134*q + 788. What is h(9)?
473
Let c(f) = 2*f**3 - 85*f**2 - 71*f + 1196. What is c(43)?
-8
Let s(l) = -2*l**2 - 447*l - 11793. What is s(-193)?
-20
Let x(b) = 91700*b - 4860091. Determine x(53).
9
Let b(h) = -179*h**2 - 5552*h + 60. What is b(-31)?
153
Let x(t) = -10102*t + 10019. What is x(1)?
-83
Let x(b) = b**2 + 47093*b - 423839. Determine x(9).
79
Let v(y) = -790*y + 52083. Calculate v(66).
-57
Let j(t) = 194*t**3 + 1162*t**2 - 3*t + 2. What is j(-6)?
-52
Let j(k) = -266*k - 133504. Calculate j(-502).
28
Let j(n) = 6011*n - 2109858. Give j(351).
3
Let i(o) = 4*o**3 + 84*o**2 - 6*o - 5. Give i(-20).
1715
Let v(q) = 5*q**3 - 63*q**2 + 68*q - 664. Calculate v(13).
558
Let o(j) = -889*j + 169930. Calculate o(191).
131
Let k(r) = -3*r**3 + 176*r**2 + 229*r + 294. Give k(60).
-366
Let d(m) = 108800*m - 3372796. Calculate d(31).
4
Let k(j) = -j**3 - 159*j**2 + 37*j + 5494. What is k(-159)?
-389
Let h(p) = -1943*p + 235514. Calculate h(121).
411
Let g(v) = -v**3 - 20*v**2 + 307*v + 4058. Calculate g(-10).
-12
Let q(z) = z**3 + 22*z**2 - 74*z - 1400. Calculate q(-23).
-227
Let h(s) = -4*s**2 + 15*s + 178. Calculate h(-5).
3
Let c(z) = z**3 + 123*z**2 + 119*z - 383. Calculate c(-122).
-17
Let m(s) = s**3 - 66*s**2 - 96*s - 2772. What is m(68)?
-52
Let u(f) = 7874*f - 78720. Determine u(10).
20
Let l(y) = 3058*y**2 - 599348*y - 3913. Determine l(196).
7
Let m(q) = 199*q**2 + 285*q + 6. Calculate m(-3).
942
Let d(r) = -2*r**3 - 5*r**2 + 55*r - 227. What is d(8)?
-1131
Let d(i) = 6*i**3 + 183*i**2 + 1343*i - 782. Determine d(-16).
2
Let w(u) = -2*u**3 + 186*u**2 + 173*u + 656. Calculate w(94).
-754
Let h(s) = 2*s**2 - 11300*s - 67834. Give h(-6).
38
Let q(y) = 137908*y - 965395. Give q(7).
-39
Let i(f) = -f**3 + 436*f**2 + 862*f + 6153. Calculate i(438).
21
Let w(g) = -15*g**2 - 26054*g + 130652. Determine w(5).
7
Let h(g) = -12612*g + 290396. Calculate h(23).
320
Let r(o) = -667980*o + 4007880. What is r(6)?
0
Let y(q) = q**3 - 78*q**2 - 831*q + 503. Determine y(-10).
13
Let r(w) = w**3 - 163*w**2 + 1578*w + 1078. Give r(11).
44
Let j(q) = -3257*q - 32534. What is j(-10)?
36
Let w(y) = 1267*y + 491616. Determine w(-388).
20
Let g(i) = 5*i**3 - 10*i**2 + 31*i - 118. Calculate g(6).
788
Let o(k) = k**3 - 180*k**2 + 868*k + 1227. Determine o(175).
2
Let t(o) = -55585*o + 165032. Give t(3).
-1723
Let u(j) = -j**3 - 360*j**2 - 711*j + 1767. Calculate u(-358).
-23
Let x(q) = q**3 - 86*q**2 - 357*q - 704. What is x(90)?
-434
Let f(o) = o**2 + 4*o - 1093. Calculate f(30).
-73
Let d(o) = 15*o**3 + 192*o**2 + 192*o. Determine d(-1).
-15
Let g(z) = -23256*z + 441866. Give g(19).
2
Let p(c) = -17*c + 78. What is p(-16)?
350
Let d(m) = m**2 + 1024*m - 150043. Give d(130).
-23
Let w(z) = 4*z**2 - 992*z - 7122. Calculate w(255).
18
Let b(x) = 567*x + 24463. Calculate b(-43).
82
Let j(q) = -62*q**2 + 2976*q - 5949. Calculate j(2).
-245
Let d(a) = 12453*a - 136874. Determine d(11).
109
Let i(h) = 11*h**2 + 155*h + 264. Determine i(-12).
-12
Let g(t) = -147822*t + 3991192. Give g(27).
-2
Let h(q) = 12*q**3 + 3942*q**2 - 1976*q + 115. What is h(-329)?
773
Let j(p) = -706*p - 22014. Calculate j(-29).
-1540
Let x(n) = 5*n**2 - 1568*n + 4658. What is x(3)?
-1
Let j(n) = 11*n**3 - 30*n**2 + 164*n - 97. Determine j(4).
783
Let b(d) = d**2 + 657*d - 2711. Determine b(4).
-67
Let k(m) = -4*m**3 + 11*m**2 + 145*m + 9. Determine k(0).
9
Let c(f) = 15*f**2 - 904*f + 3370. Give c(4).
-6
Let q(c) = -3585*c - 17533. Determine q(-5).
392
Let v(a) = -a**3 + 732*a**2 + 3666*a - 93. Determine v(-5).
2
Let c(g) = -g**3 + 17*g**2 + 31*g - 921. Calculate c(15).
-6
Let p(o) = -2224*o - 2228. Determine p(-1).
-4
Let g(m) = -4*m**3 + 240*m**2 - 1657*m - 17131. Calculate g(50).
19
Let p(j) = j**3 - 3*j**2 + 46792*j - 187179. Give p(4).
5
Let s(n) = -37*n**3 + 4*n**2 - 93*n + 267. Give s(3).
-975
Let r(a) = 47*a + 2864. Determine r(-63).
-97
Let s(g) = -14*g**3 - 10*g**2 + 68*g + 155. What is s(-2)?
91
Let z(m) = -553*m + 1107. What is z(2)?
1
Let y(r) = -301*r**2 + 5724*r + 276. What is y(19)?
371
Let i(p) = 6*p**3 + 41*p**2 - 3802*p - 26558. Determine i(-7).
7
Let q(s) = 3*s**3 - 69*s**2 + 70*s - 105. Give q(22).
-17
Let w(o) = -2*o**2 + 70*o + 976. Calculate w(-12).
-152
Let t(v) = v**3 - 229*v**2 - 606*v + 86715. Determine t(230).
235
Let b(y) = 9024*y - 4900018. What is b(543)?
14
Let r(b) = -816712*b - 9800546. Determine r(-12).
-2
Let j(d) = -31*d**2 - 162*d + 2. Give j(6).
-2086
Let w(v) = -758*v - 9892. Determine w(-17).
2994
Let m(p) = 5*p**2 + 330*p - 4596. Give m(-77).
-361
Let v(s) = 489644*s + 6365444. What is v(-13)?
72
Let a(x) = -19*x**2 - 294*x - 719. What is a(-11)?
216
Let g(w) = -w**3 - 124*w**2 - 497*w - 2042. Give g(-120).
-2
Let o(a) = 24463*a + 24405. Calculate o(-1).
-58
Let g(b) = 3*b**3 - 44*b**2 + 146*b + 77. Determine g(6).
17
Let d(w) = -w**3 + 101*w**2 + 287*w - 8161. Calculate d(103).
182
Let u(i) = -2*i**2 - 153*i + 58888. Calculate u(-214).
38
Let t(m) = -2*m**3 + 21*m**2 + 126*m + 111. Calculate t(-6).
543
Let x(j) = -22797*j + 159698. Give x(7).
119
Let z(a) = -21*a**2 + 741*a - 221. Determine z(35).
-11
Let x(h) = -h**3 - 199*h**2 - 9929*h - 3399. Give x(-97).
-4
Let f(d) = 975*d + 877. Give f(-2).
-1073
Let m(g) = 896*g + 4193. Give m(-4).
609
Let g(p) = -p**3 + 18*p**2 - 191*p + 2197. Calculate g(15).
7
Let c(m) = 2679*m - 25153. What is c(10)?
1637
Let x(k) = -194*k + 32043. What is x(147)?
3525
Let t(b) = -112*b**3 - 26*b**2 + 25*b + 2. Give t(1).
-111
Let p(w) = 3*w**2 + 242*w + 2008. Determine p(-9).
73
Let t(y) = 322*y + 4034. Calculate t(-13).
-152
Let x(f) = 822462*f + 18916624. Calculate x(-23).
-2
Let k(r) = -689*r + 227381. What is k(330)?
11
Let j(c) = 3*c**3 + 541*c**2 + 716*c - 55. Calculate j(-179).
-55
Let d(z) = 75*z**3 - 27*z**2 + 16*z - 65. Determine d(3).
1765
Let x(a) = 3120*a + 21794. Calculate x(-7).
-46
Let u(a) = -6*a**3 - a**2 + 69*a - 299. Determine u(4).
-423
Let y(d) = 31*d**2 - 475*d + 878. Give y(13).
-58
Let c(h) = -29872*h + 59566. What is c(2)?
-178
Let r(t) = -323*t - 50618. Gi